{"id":406,"date":"2017-05-18T12:55:13","date_gmt":"2017-05-18T12:55:13","guid":{"rendered":"http:\/\/sun.doffdata.se\/?page_id=406"},"modified":"2026-02-19T14:42:25","modified_gmt":"2026-02-19T14:42:25","slug":"2-glasfonster","status":"publish","type":"page","link":"https:\/\/sunnerbofonster.se\/?page_id=406","title":{"rendered":"2-GLASF\u00d6NSTER"},"content":{"rendered":"<p><div class=\"fusion-fullwidth fullwidth-box fusion-builder-row-1 nonhundred-percent-fullwidth non-hundred-percent-height-scrolling\"  style='background-color: rgba(255,255,255,0);background-position: center center;background-repeat: no-repeat;padding-right:0px;padding-left:0px;margin-bottom: 20px;margin-top: 20px;'><div class=\"fusion-builder-row fusion-row \"><div  class=\"fusion-layout-column fusion_builder_column fusion_builder_column_1_1 fusion-builder-column-0 fusion-one-full fusion-column-first fusion-column-last 1_1\"  style='margin-top:0px;margin-bottom:0px;'><div class=\"fusion-column-wrapper\" style=\"background-color:#f0f0f0;padding: 30px 18% 30px 18%;background-position:left top;background-repeat:no-repeat;-webkit-background-size:cover;-moz-background-size:cover;-o-background-size:cover;background-size:cover;\"   data-bg-url=\"\"><div class=\"fusion-text\"><h1>Produkter\u00a0<a href=\"http:\/\/sun.doffdata.se\/?page_id=264\"><span style=\"color: #ddc565;\"> <small> F\u00f6nster<\/small><\/span><\/a>\u00a0&#8211; 2-Glasf\u00f6nster<\/h1>\n<\/div><div class=\"fusion-clearfix\"><\/div><\/div><\/div><\/div><\/div><div class=\"fusion-fullwidth fullwidth-box fusion-builder-row-2 nonhundred-percent-fullwidth non-hundred-percent-height-scrolling\"  style='background-color: rgba(255,255,255,0);background-position: center center;background-repeat: no-repeat;padding-top:20px;padding-right:18%;padding-bottom:20px;padding-left:18%;margin-bottom: 20px;margin-top: 20px;'><div class=\"fusion-builder-row fusion-row \"><div  class=\"fusion-layout-column fusion_builder_column fusion_builder_column_1_3 fusion-builder-column-1 fusion-one-third fusion-column-first 1_3\"  style='margin-top:0px;margin-bottom:0px;width:33.33%;width:calc(33.33% - ( ( 4% ) * 0.3333 ) );margin-right: 4%;'><div class=\"fusion-column-wrapper\" style=\"padding: 0px 0px 0px 0px;background-position:left top;background-repeat:no-repeat;-webkit-background-size:cover;-moz-background-size:cover;-o-background-size:cover;background-size:cover;\"   data-bg-url=\"\"><div class=\"fusion-sep-clear\"><\/div><div class=\"fusion-separator fusion-full-width-sep sep-none\" style=\"margin-left: auto;margin-right: auto;margin-top:5px;\"><\/div><style type=\"text\/css\">#accordion-406-1 .fusion-panel:hover, #accordion-406-1 .fusion-panel.hover{ background-color: #f9f9f9 } #accordion-406-1 .fusion-panel { border-color:#cccccc; border-width:1px; background-color:#ffffff; }.fusion-accordian  #accordion-406-1 .panel-title a .fa-fusion-box{ color: #ffffff;}.fusion-accordian  #accordion-406-1 .panel-title a .fa-fusion-box:before{ font-size: 13px; width: 13px;}.fusion-accordian  #accordion-406-1 .panel-title a{font-size:22px;}.fusion-accordian  #accordion-406-1 .fa-fusion-box { background-color: #cccccc;border-color: #cccccc;}.fusion-accordian  #accordion-406-1 .panel-title a:hover, #accordion-406-1 .fusion-toggle-boxed-mode:hover .panel-title a { color: #bf3527;}.fusion-accordian  #accordion-406-1 .panel-title .active .fa-fusion-box,.fusion-accordian  #accordion-406-1 .panel-title a:hover .fa-fusion-box { background-color: #bf3527!important;border-color: #bf3527!important;}<\/style><div class=\"accordian fusion-accordian\"><div class=\"panel-group\" id=\"accordion-406-1\" role=\"tablist\"><div class=\"fusion-panel panel-default fusion-toggle-no-divider fusion-toggle-boxed-mode\" role=\"tabpanel\"><div class=\"panel-heading\"><h4 class=\"panel-title toggle\"><a aria-expanded=\"false\" aria-selected=\"false\" aria-controls=\"4e54e0154958880de\" role=\"tab\" data-toggle=\"collapse\" data-parent=\"#accordion-406-1\" data-target=\"#4e54e0154958880de\" href=\"#4e54e0154958880de\"><span class=\"fusion-toggle-icon-wrapper\" aria-hidden=\"true\"><i class=\"fa-fusion-box\"><\/i><\/span><span class=\"fusion-toggle-heading\">3-GLASF\u00d6NSTER<\/span><\/a><\/h4><\/div><div id=\"4e54e0154958880de\" class=\"panel-collapse collapse \"><div class=\"panel-body toggle-content fusion-clearfix\">\n<p><a href=\"https:\/\/sunnerbofonster.se\/?page_id=101\">Vridf\u00f6nster<\/a><\/p>\n<hr \/>\n<p><a href=\"https:\/\/sunnerbofonster.se\/?page_id=334\">Fasta F\u00f6nster<\/a><\/p>\n<hr \/>\n<p><a href=\"https:\/\/sunnerbofonster.se\/?page_id=347\">F\u00f6nsterd\u00f6rrar<\/a><\/p>\n<hr \/>\n<p><a href=\"https:\/\/sunnerbofonster.se\/?page_id=378\">Tillbeh\u00f6r<\/a><\/p>\n<\/div><\/div><\/div><div class=\"fusion-panel panel-default fusion-toggle-no-divider fusion-toggle-boxed-mode\" role=\"tabpanel\"><div class=\"panel-heading\"><h4 class=\"panel-title toggle\"><a aria-expanded=\"false\" aria-selected=\"false\" aria-controls=\"b55c8a1a1a5281ba4\" role=\"tab\" data-toggle=\"collapse\" data-parent=\"#accordion-406-1\" data-target=\"#b55c8a1a1a5281ba4\" href=\"#b55c8a1a1a5281ba4\"><span class=\"fusion-toggle-icon-wrapper\" aria-hidden=\"true\"><i class=\"fa-fusion-box\"><\/i><\/span><span class=\"fusion-toggle-heading\">2-GLASF\u00d6NSTER<\/span><\/a><\/h4><\/div><div id=\"b55c8a1a1a5281ba4\" class=\"panel-collapse collapse \"><div class=\"panel-body toggle-content fusion-clearfix\">\n<p><a href=\"http:\/\/sun.doffdata.se\/?page_id=406\">2-Glasf\u00f6nster<\/a><\/p>\n<\/div><\/div><\/div><div class=\"fusion-panel panel-default fusion-toggle-no-divider fusion-toggle-boxed-mode\" role=\"tabpanel\"><div class=\"panel-heading\"><h4 class=\"panel-title toggle\"><a aria-expanded=\"false\" aria-selected=\"false\" aria-controls=\"aefe0cc3059c45885\" role=\"tab\" data-toggle=\"collapse\" data-parent=\"#accordion-406-1\" data-target=\"#aefe0cc3059c45885\" href=\"#aefe0cc3059c45885\"><span class=\"fusion-toggle-icon-wrapper\" aria-hidden=\"true\"><i class=\"fa-fusion-box\"><\/i><\/span><span class=\"fusion-toggle-heading\">LYFTGLIDPARTIER<\/span><\/a><\/h4><\/div><div id=\"aefe0cc3059c45885\" class=\"panel-collapse collapse \"><div class=\"panel-body toggle-content fusion-clearfix\">\n<p><a href=\"https:\/\/sunnerbofonster.se\/?page_id=423\">Lyftglidpartier<\/a><\/p>\n<\/div><\/div><\/div><div class=\"fusion-panel panel-default fusion-toggle-no-divider fusion-toggle-boxed-mode\" role=\"tabpanel\"><div class=\"panel-heading\"><h4 class=\"panel-title toggle\"><a aria-expanded=\"false\" aria-selected=\"false\" aria-controls=\"80fae0be934fc0e71\" role=\"tab\" data-toggle=\"collapse\" data-parent=\"#accordion-406-1\" data-target=\"#80fae0be934fc0e71\" href=\"#80fae0be934fc0e71\"><span class=\"fusion-toggle-icon-wrapper\" aria-hidden=\"true\"><i class=\"fa-fusion-box\"><\/i><\/span><span class=\"fusion-toggle-heading\">SNEDA OCH RUNDA F\u00d6NSTER<\/span><\/a><\/h4><\/div><div id=\"80fae0be934fc0e71\" class=\"panel-collapse collapse \"><div class=\"panel-body toggle-content fusion-clearfix\">\n<p><a href=\"https:\/\/sunnerbofonster.se\/?page_id=444\">Sneda och runda f\u00f6nster<\/a><\/p>\n<\/div><\/div><\/div><\/div><\/div><div class=\"fusion-sep-clear\"><\/div><div class=\"fusion-separator fusion-full-width-sep sep-none\" style=\"margin-left: auto;margin-right: auto;margin-top:12px;\"><\/div><div class=\"fusion-text\"><p style=\"text-align: center;\">Ladda ner<br \/>\n<span style=\"color: #339966;\">\u2228<\/span><\/p>\n<\/div><style type=\"text\/css\">#accordion-406-2 .fusion-panel:hover, #accordion-406-2 .fusion-panel.hover{ background-color: #f9f9f9 } #accordion-406-2 .fusion-panel { border-color:#cccccc; border-width:1px; background-color:#ffffff; }.fusion-accordian  #accordion-406-2 .panel-title a .fa-fusion-box{ color: #ffffff;}.fusion-accordian  #accordion-406-2 .panel-title a .fa-fusion-box:before{ font-size: 13px; width: 13px;}.fusion-accordian  #accordion-406-2 .panel-title a{font-size:22px;}.fusion-accordian  #accordion-406-2 .fa-fusion-box { background-color: #cccccc;border-color: #cccccc;}.fusion-accordian  #accordion-406-2 .panel-title a:hover, #accordion-406-2 .fusion-toggle-boxed-mode:hover .panel-title a { color: #bf3527;}.fusion-accordian  #accordion-406-2 .panel-title .active .fa-fusion-box,.fusion-accordian  #accordion-406-2 .panel-title a:hover .fa-fusion-box { background-color: #bf3527!important;border-color: #bf3527!important;}<\/style><div class=\"accordian fusion-accordian\"><div class=\"panel-group\" id=\"accordion-406-2\" role=\"tablist\"><div class=\"fusion-panel panel-default fusion-toggle-no-divider fusion-toggle-boxed-mode\" role=\"tabpanel\"><div class=\"panel-heading\"><h4 class=\"panel-title toggle\"><a aria-expanded=\"false\" aria-selected=\"false\" aria-controls=\"256de3c3efe487bc0\" role=\"tab\" data-toggle=\"collapse\" data-parent=\"#accordion-406-2\" data-target=\"#256de3c3efe487bc0\" href=\"#256de3c3efe487bc0\"><span class=\"fusion-toggle-icon-wrapper\" aria-hidden=\"true\"><i class=\"fa-fusion-box\"><\/i><\/span><span class=\"fusion-toggle-heading\">Prislista<\/span><\/a><\/h4><\/div><div id=\"256de3c3efe487bc0\" class=\"panel-collapse collapse \"><div class=\"panel-body toggle-content fusion-clearfix\">\n<p><a href=\"https:\/\/sunnerbofonster.se\/laddaner\/Prislista_Sunnerbo.pdf\">Prislista<\/a><\/p>\n<\/div><\/div><\/div><div class=\"fusion-panel panel-default fusion-toggle-no-divider fusion-toggle-boxed-mode\" role=\"tabpanel\"><div class=\"panel-heading\"><h4 class=\"panel-title toggle\"><a aria-expanded=\"false\" aria-selected=\"false\" aria-controls=\"d5de5e757704e3a52\" role=\"tab\" data-toggle=\"collapse\" data-parent=\"#accordion-406-2\" data-target=\"#d5de5e757704e3a52\" href=\"#d5de5e757704e3a52\"><span class=\"fusion-toggle-icon-wrapper\" aria-hidden=\"true\"><i class=\"fa-fusion-box\"><\/i><\/span><span class=\"fusion-toggle-heading\">Broschyr F\u00f6nster &amp; D\u00f6rrar<\/span><\/a><\/h4><\/div><div id=\"d5de5e757704e3a52\" class=\"panel-collapse collapse \"><div class=\"panel-body toggle-content fusion-clearfix\">\n<p><a href=\"https:\/\/sunnerbofonster.se\/laddaner\/Broschyr_Fonster_Dorrar.pdf\">Broschyr F\u00f6nster &amp; D\u00f6rrar<\/a><\/p>\n<\/div><\/div><\/div><\/div><\/div><div class=\"fusion-clearfix\"><\/div><\/div><\/div><div  class=\"fusion-layout-column fusion_builder_column fusion_builder_column_2_3 fusion-builder-column-2 fusion-two-third fusion-column-last 2_3\"  style='margin-top:0px;margin-bottom:0px;width:66.66%;width:calc(66.66% - ( ( 4% ) * 0.6666 ) );'><div class=\"fusion-column-wrapper\" style=\"padding: 0px 0px 0px 16%;background-position:left top;background-repeat:no-repeat;-webkit-background-size:cover;-moz-background-size:cover;-o-background-size:cover;background-size:cover;\"   data-bg-url=\"\"><span class=\"fusion-imageframe imageframe-none imageframe-1 hover-type-none\"><img loading=\"lazy\" decoding=\"async\" src=\"https:\/\/sunnerbofonster.se\/wp-content\/uploads\/2017\/05\/Sun_bild_5_stor-e1498718107653.jpeg\" width=\"750\" height=\"449\" alt=\"\" title=\"Sun_bild_5_stor\" class=\"img-responsive wp-image-407\"\/><\/span><div class=\"fusion-sep-clear\"><\/div><div class=\"fusion-separator fusion-full-width-sep sep-single sep-solid\" style=\"border-color:#e0dede;border-top-width:2px;margin-left: auto;margin-right: auto;margin-top:15px;margin-bottom:10px;\"><\/div><div class=\"fusion-clearfix\"><\/div><\/div><\/div><\/div><\/div><div class=\"fusion-fullwidth fullwidth-box fusion-builder-row-3 nonhundred-percent-fullwidth non-hundred-percent-height-scrolling\"  style='background-color: rgba(255,255,255,0);background-position: center center;background-repeat: no-repeat;padding-top:20px;padding-right:18%;padding-bottom:20px;padding-left:18%;margin-bottom: 20px;margin-top: 20px;'><div class=\"fusion-builder-row fusion-row \"><div  class=\"fusion-layout-column fusion_builder_column fusion_builder_column_1_1 fusion-builder-column-3 fusion-one-full fusion-column-first fusion-column-last 1_1\"  style='margin-top:0px;margin-bottom:0px;'><div class=\"fusion-column-wrapper\" style=\"background-color:#f0f0f0;padding: 20px 20px 20px 20px;background-position:left top;background-repeat:no-repeat;-webkit-background-size:cover;-moz-background-size:cover;-o-background-size:cover;background-size:cover;\"   data-bg-url=\"\"><div class=\"fusion-text\"><article class=\"sixteen columns\">\n<article class=\"sixteen columns\">\n<article class=\"sixteen columns\">\n<h3>2-Glasf\u00f6nster<\/h3>\n<p>Sidh\u00e4ngda 2-glasf\u00f6nster med \u00e4kta allmogek\u00e4nsla. Insida med antikprofil samt klassiska st\u00e4ngningsbeslag och v\u00e4dringshake. Ett f\u00f6nster med gammal touch och nutidens energikrav. Med ett U-v\u00e4rde p\u00e5 1,3 W\/m2K f\u00f6renas tradition och funktion i harmoni. Som tillval finns \u00e4ven 3-glaskassetter vilket ger ett U-v\u00e4rde p\u00e5 1,1 W\/m2K. Sidh\u00e4ngda f\u00f6nster finns i utf\u00f6randena 1-luft, 2-luft, 3-luft och \u00f6verkantsh\u00e4ngda.\u00a0Enkel- och pard\u00f6rrar finns i 3-glasutf\u00f6rande med U-v\u00e4rde p\u00e5 1,1 W\/m2K.\u00a0 D\u00f6rrarna kan f\u00e5s antingen med olika br\u00f6stningsh\u00f6jder eller helglasade. V\u00e4lj g\u00e4rna tillval antikprofil p\u00e5 d\u00f6rrarna f\u00f6r att f\u00e5 dem att matcha f\u00f6nsterna p\u00e5 ett snyggt s\u00e4tt.<\/p>\n<\/article>\n<\/article>\n<\/article>\n<\/div><div class=\"fusion-sep-clear\"><\/div><div class=\"fusion-separator fusion-full-width-sep sep-none\" style=\"margin-left: auto;margin-right: auto;margin-top:20px;\"><\/div><div class=\"fusion-builder-row fusion-builder-row-inner fusion-row \"><div  class=\"fusion-layout-column fusion_builder_column fusion_builder_column_1_4 fusion-builder-nested-column-1 fusion-one-fourth fusion-column-first 1_4\"  style='margin-top: 0px;margin-bottom: 0px;width:25%;width:calc(25% - ( ( 4% + 4% + 4% ) * 0.25 ) );margin-right:4%;'>\n\t\t\t\t\t<div class=\"fusion-column-wrapper fusion-column-wrapper-1\" style=\"padding: 0px 0px 0px 0px;background-position:left top;background-repeat:no-repeat;-webkit-background-size:cover;-moz-background-size:cover;-o-background-size:cover;background-size:cover;\" data-bg-url=\"\">\n\t\t\t\t\t\t<span class=\"fusion-imageframe imageframe-none imageframe-2 hover-type-none\"><img loading=\"lazy\" decoding=\"async\" src=\"https:\/\/sunnerbofonster.se\/wp-content\/uploads\/2017\/04\/Sun_fast_prod_2_bild_4-e1496837097478.jpg\" width=\"260\" height=\"285\" alt=\"\" title=\"Sun_fast_prod_2_bild_4\" class=\"img-responsive wp-image-339\"\/><\/span>\n\n\t\t\t\t\t<\/div>\n\t\t\t\t<\/div><div  class=\"fusion-layout-column fusion_builder_column fusion_builder_column_1_4 fusion-builder-nested-column-2 fusion-one-fourth 1_4\"  style='margin-top: 0px;margin-bottom: 0px;width:25%;width:calc(25% - ( ( 4% + 4% + 4% ) * 0.25 ) );margin-right:4%;'>\n\t\t\t\t\t<div class=\"fusion-column-wrapper fusion-column-wrapper-2\" style=\"padding: 0px 0px 0px 0px;background-position:left top;background-repeat:no-repeat;-webkit-background-size:cover;-moz-background-size:cover;-o-background-size:cover;background-size:cover;\" data-bg-url=\"\">\n\t\t\t\t\t\t<span class=\"fusion-imageframe imageframe-none imageframe-3 hover-type-none\"><img loading=\"lazy\" decoding=\"async\" src=\"https:\/\/sunnerbofonster.se\/wp-content\/uploads\/2026\/02\/Gangjarn_260x285jpg.jpg\" width=\"260\" height=\"285\" alt=\"\" title=\"Gangjarn_260x285jpg\" class=\"img-responsive wp-image-27856\" srcset=\"https:\/\/sunnerbofonster.se\/wp-content\/uploads\/2026\/02\/Gangjarn_260x285jpg-200x219.jpg 200w, https:\/\/sunnerbofonster.se\/wp-content\/uploads\/2026\/02\/Gangjarn_260x285jpg.jpg 260w\" sizes=\"(max-width: 800px) 100vw, 260px\" \/><\/span>\n\n\t\t\t\t\t<\/div>\n\t\t\t\t<\/div><div  class=\"fusion-layout-column fusion_builder_column fusion_builder_column_1_4 fusion-builder-nested-column-3 fusion-one-fourth 1_4\"  style='margin-top: 0px;margin-bottom: 0px;width:25%;width:calc(25% - ( ( 4% + 4% + 4% ) * 0.25 ) );margin-right:4%;'>\n\t\t\t\t\t<div class=\"fusion-column-wrapper fusion-column-wrapper-3\" style=\"padding: 0px 0px 0px 0px;background-position:left top;background-repeat:no-repeat;-webkit-background-size:cover;-moz-background-size:cover;-o-background-size:cover;background-size:cover;\" data-bg-url=\"\">\n\t\t\t\t\t\t<span class=\"fusion-imageframe imageframe-none imageframe-4 hover-type-none\"><img loading=\"lazy\" decoding=\"async\" src=\"https:\/\/sunnerbofonster.se\/wp-content\/uploads\/2026\/02\/Fonsterlas_260x285.jpg\" width=\"260\" height=\"285\" alt=\"\" title=\"Fonsterlas_260x285\" class=\"img-responsive wp-image-27857\" srcset=\"https:\/\/sunnerbofonster.se\/wp-content\/uploads\/2026\/02\/Fonsterlas_260x285-200x219.jpg 200w, https:\/\/sunnerbofonster.se\/wp-content\/uploads\/2026\/02\/Fonsterlas_260x285.jpg 260w\" sizes=\"(max-width: 800px) 100vw, 260px\" \/><\/span>\n\n\t\t\t\t\t<\/div>\n\t\t\t\t<\/div><div  class=\"fusion-layout-column fusion_builder_column fusion_builder_column_1_4 fusion-builder-nested-column-4 fusion-one-fourth fusion-column-last 1_4\"  style='margin-top: 0px;margin-bottom: 0px;width:25%;width:calc(25% - ( ( 4% + 4% + 4% ) * 0.25 ) );'>\n\t\t\t\t\t<div class=\"fusion-column-wrapper fusion-column-wrapper-4\" style=\"padding: 0px 0px 0px 0px;background-position:left top;background-repeat:no-repeat;-webkit-background-size:cover;-moz-background-size:cover;-o-background-size:cover;background-size:cover;\" data-bg-url=\"\">\n\t\t\t\t\t\t<span class=\"fusion-imageframe imageframe-none imageframe-5 hover-type-none\"><img loading=\"lazy\" decoding=\"async\" src=\"https:\/\/sunnerbofonster.se\/wp-content\/uploads\/2026\/02\/Stormkrok_260x285.jpg\" width=\"260\" height=\"285\" alt=\"\" title=\"Stormkrok_260x285\" class=\"img-responsive wp-image-27858\" srcset=\"https:\/\/sunnerbofonster.se\/wp-content\/uploads\/2026\/02\/Stormkrok_260x285-200x219.jpg 200w, https:\/\/sunnerbofonster.se\/wp-content\/uploads\/2026\/02\/Stormkrok_260x285.jpg 260w\" sizes=\"(max-width: 800px) 100vw, 260px\" \/><\/span>\n\n\t\t\t\t\t<\/div>\n\t\t\t\t<\/div><\/div><div class=\"fusion-sep-clear\"><\/div><div class=\"fusion-separator fusion-full-width-sep sep-none\" style=\"margin-left: auto;margin-right: auto;margin-top:30px;\"><\/div><div class=\"fusion-builder-row fusion-builder-row-inner fusion-row \"><div  class=\"fusion-layout-column fusion_builder_column fusion_builder_column_1_3 fusion-builder-nested-column-5 fusion-one-third fusion-column-first 1_3\"  style='margin-top: 0px;margin-bottom: 0px;width:33.33%;width:calc(33.33% - ( ( 4% ) * 0.3333 ) );margin-right:4%;'>\n\t\t\t\t\t<div class=\"fusion-column-wrapper fusion-column-wrapper-5\" style=\"padding: 50px 0px 0px 0px;background-position:left top;background-repeat:no-repeat;-webkit-background-size:cover;-moz-background-size:cover;-o-background-size:cover;background-size:cover;\" data-bg-url=\"\">\n\t\t\t\t\t\t<span class=\"fusion-imageframe imageframe-none imageframe-6 hover-type-none\"><img loading=\"lazy\" decoding=\"async\" src=\"https:\/\/sunnerbofonster.se\/wp-content\/uploads\/2017\/05\/Sun_bild_intro_4_beskr-1.png\" width=\"420\" height=\"460\" alt=\"\" title=\"Sun_bild_intro_4_beskr\" class=\"img-responsive wp-image-736\" srcset=\"https:\/\/sunnerbofonster.se\/wp-content\/uploads\/2017\/05\/Sun_bild_intro_4_beskr-1-200x219.png 200w, https:\/\/sunnerbofonster.se\/wp-content\/uploads\/2017\/05\/Sun_bild_intro_4_beskr-1-400x438.png 400w, https:\/\/sunnerbofonster.se\/wp-content\/uploads\/2017\/05\/Sun_bild_intro_4_beskr-1.png 420w\" sizes=\"(max-width: 800px) 100vw, 420px\" \/><\/span>\n\n\t\t\t\t\t<\/div>\n\t\t\t\t<\/div><div  class=\"fusion-layout-column fusion_builder_column fusion_builder_column_2_3 fusion-builder-nested-column-6 fusion-two-third fusion-column-last 2_3\"  style='margin-top: 0px;margin-bottom: 0px;width:66.66%;width:calc(66.66% - ( ( 4% ) * 0.6666 ) );'>\n\t\t\t\t\t<div class=\"fusion-column-wrapper fusion-column-wrapper-6\" style=\"padding: 20px 0px 0px 0px;background-position:left top;background-repeat:no-repeat;-webkit-background-size:cover;-moz-background-size:cover;-o-background-size:cover;background-size:cover;\" data-bg-url=\"\">\n\t\t\t\t\t\t<div class=\"fusion-sep-clear\"><\/div><div class=\"fusion-separator fusion-full-width-sep sep-none\" style=\"margin-left: auto;margin-right: auto;margin-top:30px;\"><\/div><div class=\"fusion-text\"><div class=\"two_third column-last\">\n<h3>VIKTIGT ATT VETA<\/h3>\n<h4>S\u00e5 h\u00e4r m\u00e4ter du ditt f\u00f6nster<\/h4>\n<p><span style=\"color: #339966;\">\u221a<\/span>\u00a0Tag bort f\u00f6nsterfodret.<br \/>\n<span style=\"color: #339966;\">\u221a<\/span>\u00a0M\u00e4t h\u00e5let i v\u00e4ggen (\u00f6ppningsm\u00e5ttet) p\u00e5 bredden och h\u00f6jden<br \/>\n<span style=\"color: #339966;\">\u221a<\/span>\u00a0F\u00f6r att f\u00f6nstret ska passa b\u00f6r karmytterm\u00e5ttett vara 15 \u2013 30 mm mindre \u00e4n \u00f6ppningsm\u00e5tten.<\/p>\n<p>Ex. modulm\u00e5ttet 12\u201312 ger karmytterm\u00e5ttet 1180&#215;1180 mm. OBS! Ange alltid bredden f\u00f6rst. Kondens utv\u00e4ndigt kan f\u00f6rekomma p\u00e5 mycket v\u00e4lisolerade f\u00f6nster i utsatta l\u00e4gen d\u00e4r luftfuktigheten \u00e4r h\u00f6g. Detta beror p\u00e5 att glaskassetten isolerar s\u00e5 effektivt att rumsv\u00e4rmen inte n\u00e5r ut till yttersta glaset som blir mycket kallt. Kondens bildas i regel under kalla klara n\u00e4tter och f\u00f6rsvinner ofta under de tidiga morgontimmarna.<\/p>\n<\/div>\n<\/div>\n\n\t\t\t\t\t<\/div>\n\t\t\t\t<\/div><\/div><div class=\"fusion-clearfix\"><\/div><\/div><\/div><\/div><\/div><div class=\"fusion-fullwidth fullwidth-box fusion-builder-row-4 nonhundred-percent-fullwidth non-hundred-percent-height-scrolling\"  style='background-color: rgba(255,255,255,0);background-position: center center;background-repeat: no-repeat;padding-top:0px;padding-right:0px;padding-bottom:0px;padding-left:0px;'><div class=\"fusion-builder-row fusion-row \"><div  class=\"fusion-layout-column fusion_builder_column fusion_builder_column_1_1 fusion-builder-column-4 fusion-one-full fusion-column-first fusion-column-last 1_1\"  style='margin-top:0px;margin-bottom:0px;'><div class=\"fusion-column-wrapper\" style=\"padding: 0px 0px 0px 0px;background-position:left top;background-repeat:no-repeat;-webkit-background-size:cover;-moz-background-size:cover;-o-background-size:cover;background-size:cover;\"   data-bg-url=\"\"><div class=\"imageframe-align-center\"><span class=\"fusion-imageframe imageframe-none imageframe-7 hover-type-none\"><img loading=\"lazy\" decoding=\"async\" src=\"https:\/\/sunnerbofonster.se\/wp-content\/uploads\/2016\/11\/start1.png\" width=\"560\" height=\"186\" alt=\"\" title=\"start1\" class=\"img-responsive wp-image-135\" srcset=\"https:\/\/sunnerbofonster.se\/wp-content\/uploads\/2016\/11\/start1-200x66.png 200w, https:\/\/sunnerbofonster.se\/wp-content\/uploads\/2016\/11\/start1-400x133.png 400w, https:\/\/sunnerbofonster.se\/wp-content\/uploads\/2016\/11\/start1.png 560w\" sizes=\"(max-width: 800px) 100vw, 560px\" \/><\/span><\/div><div class=\"fusion-clearfix\"><\/div><\/div><\/div><\/div><\/div><\/p>\n","protected":false},"excerpt":{"rendered":"","protected":false},"author":3,"featured_media":0,"parent":0,"menu_order":0,"comment_status":"closed","ping_status":"closed","template":"","meta":{"footnotes":""},"_links":{"self":[{"href":"https:\/\/sunnerbofonster.se\/index.php?rest_route=\/wp\/v2\/pages\/406"}],"collection":[{"href":"https:\/\/sunnerbofonster.se\/index.php?rest_route=\/wp\/v2\/pages"}],"about":[{"href":"https:\/\/sunnerbofonster.se\/index.php?rest_route=\/wp\/v2\/types\/page"}],"author":[{"embeddable":true,"href":"https:\/\/sunnerbofonster.se\/index.php?rest_route=\/wp\/v2\/users\/3"}],"replies":[{"embeddable":true,"href":"https:\/\/sunnerbofonster.se\/index.php?rest_route=%2Fwp%2Fv2%2Fcomments&post=406"}],"version-history":[{"count":25,"href":"https:\/\/sunnerbofonster.se\/index.php?rest_route=\/wp\/v2\/pages\/406\/revisions"}],"predecessor-version":[{"id":27859,"href":"https:\/\/sunnerbofonster.se\/index.php?rest_route=\/wp\/v2\/pages\/406\/revisions\/27859"}],"wp:attachment":[{"href":"https:\/\/sunnerbofonster.se\/index.php?rest_route=%2Fwp%2Fv2%2Fmedia&parent=406"}],"curies":[{"name":"wp","href":"https:\/\/api.w.org\/{rel}","templated":true}]}}